 - -63. Let i be 68 + -3*1*g/(-6). What is the greatest common factor of i and 6?
6
Let f(a) = -4*a - 1. Let o be f(-2). Let q be (2/6)/(7/2793). Let w = q - 98. What is the highest common divisor of o and w?
7
Let m(j) = 2*j + 102. Let a be m(-28). Calculate the highest common divisor of 598 and a.
46
Let g(p) = -2*p**2 - 5*p + 3. Let t be g(-7). Let r = -176 + -302. Let i be (-15)/t + r/(-8). Calculate the greatest common factor of 24 and i.
12
Let r be (-2)/(-3) + 141/(-9). Let h = r - -19. Suppose 6*x - h*x - 100 = 0. What is the highest common factor of 20 and x?
10
Let i be 14/4*12/(4 + -2). What is the greatest common divisor of 14 and i?
7
Let m(u) = -20*u + 20. Let v be m(-6). Suppose -5*j + v = 5*j. Suppose -2*t + 380 = 72. What is the highest common divisor of t and j?
14
Suppose -2*n = -3*n. Suppose -4*f = -n*f - 180. What is the greatest common factor of 9 and f?
9
Suppose -2*p = 3*r - 2779, 3*p - 3*r - 6958 = -2*p. What is the greatest common divisor of p and 13?
13
Suppose 0 = -k - 5*i + 21, -2*k - 4*i + 19 = k. Let z be (k - 0) + 16 + -13. What is the highest common factor of z and 12?
4
Let p(s) = -3*s + 28. Let y be p(7). Let i(h) = -h**2 + 9*h - 12. Let j be i(y). Calculate the greatest common divisor of 5 and j.
1
Let j be 5032/48 + (-2)/(-12). Let y(f) = f**2 + 5*f + 9. Let n be y(-6). What is the highest common divisor of n and j?
15
Let d = 497 - 254. What is the greatest common divisor of 45 and d?
9
Suppose r + 10 = 2*r. Let u be (54/15)/(12/1600). Suppose z - u = -5*z. Calculate the greatest common factor of r and z.
10
Let n(s) = -5*s - 42. Let a be n(-35). What is the highest common factor of a and 76?
19
Suppose 4*z - 5*z = -3. Suppose 64 + 26 = 3*o. Calculate the greatest common factor of o and z.
3
Let h = -342 + 348. Calculate the greatest common factor of 9 and h.
3
Let j = 9 - 0. Let c(p) = p**3 + 7*p**2 - 7*p + 3. Let q = -23 + 17. Let n be c(q). Calculate the highest common divisor of n and j.
9
Suppose 8 = q + 3. Suppose -4*v - 55 = -c + 1, -q*v = -c + 61. Calculate the greatest common factor of 6 and c.
6
Let c be (-4)/(-22) + 256/44. Suppose 0 = -11*x + 371 - 41. Calculate the highest common divisor of c and x.
6
Suppose -6*g = -4*g + s - 4, 0 = 4*g + 3*s - 6. Suppose -9 = 4*l + 83. Let q = -14 - l. Calculate the highest common divisor of g and q.
3
Let b(a) be the first derivative of -a**3/3 - 3*a**2 - 4*a - 120. Suppose 3*m + 2 = 2*m. Let i be b(m). What is the greatest common divisor of 40 and i?
4
Suppose x - l = 623, -4*l + 3124 = 2*x + 3*x. What is the greatest common divisor of x and 78?
78
Let d be -1 + -3 - (-19 - 22). Let f = -21 + d. What is the greatest common divisor of f and 8?
8
Let c(k) = -k**2 - k**2 + 9*k**2 - k**3 + 0*k**3 - 6*k - 2. Let l be c(5). Calculate the greatest common divisor of 9 and l.
9
Let d = 0 - -15. Let l be 40/12 + 1/(-3) - -1. Let i be l/(-10) + 8801/65. Calculate the highest common factor of d and i.
15
Suppose -4*l + 40 = -8*l. Let w = 18 + l. What is the highest common factor of 8 and w?
8
Let v = 17 + -24. Let p = 7 + v. Suppose p = 7*b - 8*b + 4. Calculate the highest common factor of 32 and b.
4
Suppose -5*l = -2*y + 472, -5*y + 66*l - 71*l + 1180 = 0. What is the highest common divisor of 177 and y?
59
Let a be (-2 - -1) + (0 - -1). Suppose a = -2*p - 5 - 25. Let o be 60/(-9)*p - 2. Calculate the greatest common divisor of o and 14.
14
Let j = -60 + 57. Let h be ((-8)/3*j)/(1/1). What is the greatest common divisor of 40 and h?
8
Suppose 9*v - 11 = 106. What is the greatest common factor of 13 and v?
13
Let y = -32 - -291. Calculate the greatest common factor of y and 333.
37
Suppose 0 = -5*b + 94 + 101. Suppose -3*d + b = -3. Suppose -4*l = -16, 2*p - 3*l = -5*l + 12. What is the highest common factor of p and d?
2
Suppose -5*p - b - 303 = 0, 5*p - 9*b = -13*b - 312. Let w = -54 - p. Calculate the greatest common divisor of 2 and w.
2
Let l(a) = 3 - 29*a**3 + 27*a**3 + a - 1 - 2*a**2. Let w be l(-2). Calculate the greatest common divisor of 12 and w.
4
Let r(a) = a - 5. Let x(l) = 1 - l + 0 + 1 + 4. Let i be x(0). Let f be r(i). What is the greatest common factor of f and 8?
1
Let f(o) = -2*o - 20. Let m be f(-7). Let d be m/(-2) + -4 + (-279)/(-3). Calculate the greatest common factor of 23 and d.
23
Let c = -115 + 727. Calculate the highest common divisor of c and 153.
153
Suppose -u + o = -27, -u = -0*u - 4*o - 36. Calculate the highest common factor of 352 and u.
8
Suppose 3*k = -3*x - 3, -k = 5*x - 3*k - 16. Suppose -n + 4 = x*o, n + 3*o = 7*o - 2. Calculate the greatest common factor of n and 2.
2
Let n(s) = s**3 - 8*s**2 + s - 1. Let o be n(8). Suppose -2*d + 5*m + 53 = -101, 5*d + 3*m - 385 = 0. What is the greatest common factor of d and o?
7
Let k(o) = -o**2 - 10*o + 193. Let p be k(9). What is the greatest common factor of p and 11?
11
Let o = -250 - -612. Let n = -132 + o. Suppose 0*x = 5*x - n. What is the highest common divisor of x and 69?
23
Let i be (-6)/(-9)*1836/12. Calculate the highest common factor of 15 and i.
3
Let r = 604 - 603. Calculate the greatest common factor of 2 and r.
1
Suppose -3*u - 2*n + 979 = 0, -9*u = -14*u + 4*n + 1661. What is the greatest common factor of 28 and u?
7
Let i(u) = -65*u - 1. Let j be 26/(-4) - 21/(-14). Let g be i(j). Let h = -203 + g. What is the greatest common divisor of 11 and h?
11
Let m(u) = 10*u**3 + 5*u**3 + 8 - 14*u**3 - u**2. Let g be m(0). Let h be ((-30)/g)/(17/(-68)). Calculate the highest common factor of 135 and h.
15
Let j(d) = 14*d + 404. Let a be j(-14). Calculate the highest common factor of a and 160.
16
Suppose -4*m = 4*n - 596, 57 = -8*m + 17. What is the greatest common divisor of n and 88?
22
Let s be (4 + 10)/((-3)/30*-1). What is the greatest common factor of s and 80?
20
Let n(h) = -h**2 - 15*h - 13. Let r be n(-11). Let t be -4*(5 + -4 - r). What is the greatest common divisor of 24 and t?
24
Let w(f) = -27*f - 120. Let y be w(-5). What is the highest common divisor of 85 and y?
5
Let z = -22 - -25. Let h(b) = -9*b - 15. Let r be h(-2). Calculate the highest common divisor of r and z.
3
Let p be 4/(-26) + 123/39. Suppose -4*v = 4*n - 20, -6*v - p*n = -v - 31. Calculate the highest common divisor of 88 and v.
8
Let o(t) = -t + 16. Let d be o(10). Suppose d*f + 550 = 16*f. What is the greatest common divisor of f and 11?
11
Let o be -1 - -14 - (14 + -11). Suppose 0 = -o*p + 6*p + 88. Calculate the highest common factor of p and 55.
11
Suppose 300 = -4*q + 72. Let z = -41 - q. What is the greatest common factor of z and 128?
16
Suppose -3*s = -3*k + 6, 3*k + s = 7*k - 14. Suppose 9*l - k*l = -o + 150, 0 = -o + l + 162. What is the greatest common factor of o and 10?
10
Let w(f) = -6*f**2 - 25*f - 1. Let i be w(-2). What is the highest common factor of 195 and i?
5
Let k be (13/104*-14)/(2/(-928)). Calculate the greatest common factor of k and 348.
116
Let v be 1/((-18)/(-4)) - (-606448)/522. What is the highest common factor of 249 and v?
83
Let t be (-28 - (-4)/2)*90/(-20). What is the greatest common divisor of t and 78?
39
Let g(p) = 3*p**3 - 11*p**2 + 7*p - 4. Let b be g(4). What is the highest common factor of b and 50?
10
Let r be (-6 - (26 - 7))*192/(-30). What is the highest common divisor of 100 and r?
20
Let w(c) = c**2 - 2*c + 12. Let d = 67 - 63. Let k be w(d). What is the greatest common divisor of 16 and k?
4
Let m(z) = z - 9. Let w be m(13). Suppose -i = 4*t - w - 11, 4*t + 5 = -5*i. What is the greatest common divisor of 55 and t?
5
Let j = 3044 + -2989. Suppose 0*m = 3*m - 294. Suppose -r - 2*s = 4*r - 100, 2*s + m = 4*r. What is the highest common divisor of r and j?
11
Suppose -390 = -5*u + 2*v, -5*u + 522 = -4*v + 132. What is the highest common divisor of 6 and u?
6
Let n(r) = -27*r + 435. Let d be n(13). Calculate the highest common divisor of 70 and d.
14
Suppose 2*c = -184 - 218. Let a = 140 + c. Let t = -35 - a. Calculate the highest common factor of 182 and t.
26
Let c = 12 + 69. Suppose -9 - c = -p. Suppose 0 = -5*o + 6 + 44. What is the highest common divisor of p and o?
10
Suppose -3*v - 18*j = -19*j - 308, 0 = -v + 3*j + 92. Calculate the greatest common divisor of 1144 and v.
104
Let r(t) = -7*t + 11. Suppose -4*o = -4, o + 1 = -4*z - 10. Let i 